List the prime factors of j.
2, 3, 101
Let z = 19262 - 4005. What are the prime factors of z?
11, 19, 73
Suppose 0 = -3*p - p + 2*c + 30, 2*p - 17 = -c. Suppose -3*b - 1825 = -p*b. What are the prime factors of b?
5, 73
Suppose 3*t - 8060 = 2*f + 6409, 0 = 5*t + 2*f - 24115. What are the prime factors of t?
7, 13, 53
Suppose 3*g - 4900 = -2*g. Let b = g - 405. List the prime factors of b.
5, 23
Let j(f) = -f**2 + 4*f - 1. Let u be j(3). Suppose 4*m + u*v = 5*v - 563, 3*v = -3*m - 417. Let g = -3 - m. What are the prime factors of g?
137
Let u(m) = 32*m**2 - 49*m + 6. List the prime factors of u(14).
2, 3, 233
Let o = 391 - 745. Let v = 194 - o. What are the prime factors of v?
2, 137
Let q be (6/((-312)/299))/(2/(-8)). What are the prime factors of (-784 + 0)*q/(-46)?
2, 7
Suppose 0 = -2*j - 5*d + 16149, 4*d - 5223 = -2*j + 10925. List the prime factors of j.
2, 1009
Suppose 699 = b + 3*s, 0 = -15*b + 17*b - 3*s - 1353. Suppose 3*j = j + 2*k + b, 3*j - 1001 = -2*k. List the prime factors of j.
337
Let w(p) = -6*p + 87. Let k be w(14). Suppose k*j - 77 - 212 = 2*o, 4*j + 3*o - 357 = 0. List the prime factors of j.
3, 31
Suppose -n - 1 + 6 = 0. Suppose 5*g + n = 25. Suppose 0 = -g*q + 2*q + 272. List the prime factors of q.
2, 17
Let d(x) = 79*x + 32. Let i be d(25). Suppose -2*j - 4*o + 2437 + 1563 = 0, -j + 5*o + i = 0. Suppose 0*a + 14*a = j. List the prime factors of a.
11, 13
Let r = -1528 + 3148. Suppose r = 19*j - 14*j. What are the prime factors of j?
2, 3
Suppose -11*q + 108632 + 172077 = 0. List the prime factors of q.
13, 151
Suppose -r = -25 + 24, 5*u + 5*r = 20. Suppose 9*v - 564 = u*v. What are the prime factors of v?
2, 47
Let r(a) = a**3 + a**2 - 3*a + 2. Let z be r(1). Let h(s) = 416*s - 10. What are the prime factors of h(z)?
2, 7, 29
Let v = 101275 - 72029. List the prime factors of v.
2, 7, 2089
Let p = 98 + 199. Let x = -62 - -214. Let h = p - x. List the prime factors of h.
5, 29
Let d be (-2916)/15 - (-42)/30. Let y = 135 + -405. Let l = d - y. What are the prime factors of l?
7, 11
Let f(p) = -p**2 - 7*p + 2. Let b be f(-7). List the prime factors of 153/((-6)/b)*(8 - 9).
3, 17
What are the prime factors of (-202840)/16*(16/(-30) + 42/(-63))?
3, 11, 461
List the prime factors of ((-6)/3)/(17/(-23698)).
2, 17, 41
Let r(m) = 4630*m**2 + 3*m - 1. List the prime factors of r(-1).
2, 3, 257
Let c = 9900 + -5741. List the prime factors of c.
4159
Suppose 10 = -5*s, 0*h - 5*h = -2*s - 54. Let l be (-33)/(-55) + 814/h. List the prime factors of (1 - 4) + 1 + l.
2, 5
Let l = -2255 - -11083. What are the prime factors of l?
2, 2207
Let u = 189 + -193. What are the prime factors of ((-88)/(-110))/(u/(-590))?
2, 59
Let h(n) be the first derivative of 6*n**2 - 15*n - 41. What are the prime factors of h(2)?
3
Let o be 4/1 - (-15)/(-5). Let h = -710 + 1253. What are the prime factors of (o - 4)/((-9)/h)?
181
Let x(t) = 12 - 4 + 16 + 63*t. Let u be x(4). Suppose 2*w - 122 - u = 0. What are the prime factors of w?
199
Let f(d) = -d**3 + 11*d**2 - 5*d + 23. Suppose 13*s = 103 + 27. What are the prime factors of f(s)?
73
Suppose -2*f = 4*m - 17616, 31*m = 26*m + 3*f + 22042. What are the prime factors of m?
2, 2203
Let i(f) = 3 - 19 + 4 - 15*f. List the prime factors of i(-2).
2, 3
Let l be -4 + 1 - ((-12)/2)/2. Suppose 0 = 2*f - 5*v + 41, -2*f = -l*f - 4*v + 40. Let i = 10 - f. What are the prime factors of i?
2, 7
Let m = 57301 + -33894. List the prime factors of m.
89, 263
Let l = 104 - 73. Let t = l - -19. What are the prime factors of t?
2, 5
Suppose -116*w + 11161 + 1803053 = -723866. What are the prime factors of w?
2, 5, 547
Suppose -68*a = -353*a + 2116410. What are the prime factors of a?
2, 47, 79
Let p(l) be the third derivative of 205*l**4/12 - 55*l**3/6 + 40*l**2. Let g be p(7). Suppose 11*n - g = -296. What are the prime factors of n?
229
Let y = -3194 + 21277. What are the prime factors of y?
13, 107
Let v be (6 + 119/(-21))/((-2)/(-6)). Suppose f = v, 0 = 5*x + f - 3022 + 221. What are the prime factors of x?
2, 5, 7
Suppose 5*o = 89 - 59. Suppose -6 = -3*q, 0 = -k + o*q - 2*q + 326. What are the prime factors of k?
2, 167
Suppose -22*q = -13392 - 24470. List the prime factors of q.
1721
What are the prime factors of (-123)/(87/(-290) + (-3 - -3)/3)?
2, 5, 41
Let y be -5 + 11 - (-3 + 6). Suppose -3*s + 492 = 4*k, -y*k - s + 497 = 133. List the prime factors of k.
2, 3, 5
Suppose -2*z = 5*s - 6, -z + 1 + 13 = -3*s. What are the prime factors of ((-15)/2 + z)*(1906 - 0)?
953
Let a(n) = 26*n**2 + 3*n - 3. Let s be (45/(-18))/(2/(-8)). Suppose 5*w - s*v = -5*v + 5, -2*v - 3 = -3*w. List the prime factors of a(w).
2, 13
Suppose -96879 - 74702 - 68491 = -24*k. What are the prime factors of k?
7, 1429
Let b be -915*17/((-408)/16). What are the prime factors of (b/(-25))/((-2)/50) - -3?
613
Let t(p) = -2*p**2 - 39*p + 24. Let m be t(-20). Suppose -6*n + m*n = 16. What are the prime factors of 163/2 - (-4)/n - 2?
79
Let o = 74 + -66. Let v(r) = -5*r**2 - 3*r - 70. Let h(a) = -3*a**2 - 2*a - 47. Let z(c) = o*h(c) - 5*v(c). List the prime factors of z(-7).
2, 3, 5
Let o be 3126 + (5 + -1)*1. Let n = -1421 + o. What are the prime factors of n?
1709
Let o(v) = -4079*v - 4537. List the prime factors of o(-4).
11779
Let b = 329 + -609. Let c = b + 157. Let m = c - -176. What are the prime factors of m?
53
Let o(x) = -214*x + 716 - 350 - 362. List the prime factors of o(-3).
2, 17, 19
Let h(s) = -3*s**2 + 43*s + 5. Let l be h(14). Suppose 4583 = l*r - 10807. List the prime factors of r.
2, 3, 5
Let l(f) = 1339*f - 664. List the prime factors of l(6).
2, 5, 11, 67
Let q = -133659 + 203384. List the prime factors of q.
5, 2789
Suppose -880 + 1522 = 3*h. Suppose 6*m - h = 6866. List the prime factors of m.
2, 5, 59
Suppose -180164 = -25*o + 233486. List the prime factors of o.
2, 8273
Let s be ((-22410)/(-225))/(4/10). Let h = 1393 - s. What are the prime factors of h?
2, 11, 13
Let y(n) = 157*n - 85. Let j(s) = 22*s - 125. Let a be j(6). What are the prime factors of y(a)?
2, 3, 13
Suppose -364*q + 1075536 = -287*q. List the prime factors of q.
2, 3, 97
Let o(b) = 16*b**2 + 222*b + 249. List the prime factors of o(42).
3, 43, 293
Let y be ((-198)/4)/3*(-192)/72. List the prime factors of y/(-55) + (-4664)/(-5).
2, 233
Let z be 40/(-40) - -5*2. Suppose 815 = 2*o - l, 3*l + 0*l + z = 0. What are the prime factors of o?
2, 7, 29
Suppose 3*f - 29966 = -4*r, 3*f + 147*r - 151*r - 29950 = 0. List the prime factors of f.
2, 4993
Let y(d) = -d**2 - 10*d - 19. Let l be y(-3). What are the prime factors of 637/(-52)*(-27 + (1 - l))?
7
Let p = -246 - -248. List the prime factors of -1 + 519 + -2 + p.
2, 7, 37
Let x = 156 + 2506. What are the prime factors of x?
2, 11
Suppose 0 = 5*n - 2*n + 4*d - 23, 4*d + 2 = 2*n. Let r(l) = -37*l + 1. Let f be r(n). Let b = 391 + f. List the prime factors of b.
3, 23
Let v(o) = 4*o**3 + 111*o**2 - 74*o - 121. List the prime factors of v(-26).
5, 1307
Let b be (-6)/(-2)*(-45)/27. Let t be 650/(-45)*b - (-4)/(-18). List the prime factors of (1968/t)/((-1)/(-6)).
2, 41
Let b(t) = 1. Let o(q) = q + 4. Let y(k) = 2*b(k) - o(k). Let r be y(-7). Suppose 188 = r*f + 73. What are the prime factors of f?
23
Let f be 3/((-2)/6*-3). Suppose 2*v = f*k - 33, 0 = v + 2*k + k + 30. Let j = 142 + v. List the prime factors of j.
11
Suppose 0 = 21*c - 79286 - 177397. List the prime factors of c.
17, 719
Suppose 3*j + 60 - 24 = 0. Let o be j*(13/(-4) + 3). Suppose 2*g - 160 = 3*v, -5*g - 30 = -o*v - 430. What are the prime factors of g?
2, 5
Let g = 6179 - 3460. What are the prime factors of g?
2719
Let h = 46324 - 26864. What are the prime factors of h?
2, 5, 7, 139
Let a be (-364)/(-126) + (-1)/(-9). Suppose 5*c + 1229 - 4466 = -a*n, 2*c = 4*n + 1300. What are the prime factors of c?
2, 3
Suppose -3339 = 3*i + 2*k, -i - 4*k + 389 = 1512. Let j = i + 1599. What are the prime factors of j?
2, 61
Suppose 4*p - 26594 = -5*c + 9995, -c - 18291 = -2*p. List the prime factors of p.
2, 17, 269
What are the prime factors of 24/3 + 41678 + -11 + 11?
2, 19, 1097
Suppose 617 - 332455 = -12*k + 65950. List the prime factors of k.
33149
Let q be 1 + -1 + 1/((-2)/(-6)). Suppose -s - q*s = 5*j - 13, s + j = 2. Let z(l) = -10*l - 3. What are the 